 5, what is 3 - -1421?
1424
In base 14, what is 41 + -5?
3a
In base 4, what is -202 - 21?
-223
In base 7, what is 3034 + -4?
3030
In base 10, what is 1082 - -3?
1085
In base 3, what is -12 + -2002?
-2021
In base 15, what is -5 + 3c?
37
In base 13, what is 8 - -5?
10
In base 5, what is 3 + -341?
-333
In base 14, what is -9b + -1?
-9c
In base 12, what is -1212 - 4?
-1216
In base 10, what is -5 + -413?
-418
In base 3, what is 2210 + -10?
2200
In base 10, what is 1 + -80?
-79
In base 7, what is 3 + 35?
41
In base 3, what is 102112002 - 11?
102111221
In base 8, what is -5 + 2030?
2023
In base 16, what is 315 + 4?
319
In base 5, what is 3 + -1020?
-1012
In base 13, what is -77 - 17?
-91
In base 4, what is 20 + -12?
2
In base 8, what is 574 - 2?
572
In base 9, what is 7 - -81?
88
In base 11, what is 47 + -2?
45
In base 3, what is 11012 - -1?
11020
In base 12, what is -2 + -258?
-25a
In base 9, what is -210 - 7?
-217
In base 6, what is -3 - -3421?
3414
In base 6, what is 1 - 421?
-420
In base 4, what is -10210 + -1?
-10211
In base 8, what is 47 - 240?
-171
In base 4, what is -3 + 2?
-1
In base 8, what is 0 - 50?
-50
In base 14, what is -51 + 5?
-4a
In base 13, what is -6ba + -4?
-6c1
In base 9, what is -3 + 34?
31
In base 7, what is -156 + 141?
-15
In base 16, what is -70 - 2?
-72
In base 8, what is 2756 + -2?
2754
In base 4, what is -21222 + 0?
-21222
In base 13, what is -631 + 1?
-630
In base 7, what is 1 - 1161?
-1160
In base 4, what is -2211 - 11?
-2222
In base 9, what is 5 + -24?
-18
In base 3, what is -200101 - -11?
-200020
In base 9, what is -3 + 1567?
1564
In base 12, what is 89 + -4?
85
In base 16, what is 5 - 9e?
-99
In base 6, what is 101 - -5?
110
In base 6, what is 2100 + -4?
2052
In base 4, what is -2 + -1321?
-1323
In base 8, what is 14 - -162?
176
In base 3, what is 12 - 1011?
-222
In base 2, what is 0 - 10010000110?
-10010000110
In base 2, what is 1 + -1010011?
-1010010
In base 5, what is -2 + 103?
101
In base 13, what is -3 + -1?
-4
In base 4, what is -2001 - 2?
-2003
In base 9, what is -705 + 0?
-705
In base 3, what is 1121 + -121?
1000
In base 8, what is 577 - 21?
556
In base 7, what is -300 + -15?
-315
In base 7, what is 1130 + 3?
1133
In base 10, what is 144 - -12?
156
In base 11, what is -5112 - 4?
-5116
In base 10, what is 0 - 656?
-656
In base 8, what is 0 + 2060?
2060
In base 8, what is -1565 + -21?
-1606
In base 16, what is 2 - 56?
-54
In base 13, what is -4 - 2bba?
-2bc1
In base 9, what is -252 + 3?
-248
In base 16, what is -5 - 56?
-5b
In base 11, what is 3a + -14?
26
In base 16, what is -4 - 994?
-998
In base 6, what is -4 - 15?
-23
In base 5, what is -420 + 0?
-420
In base 10, what is 8 + -189?
-181
In base 11, what is 1013 - 13?
1000
In base 4, what is 332 - 222?
110
In base 15, what is -5 + dd?
d8
In base 6, what is 2 + -40?
-34
In base 15, what is -4 - 23?
-27
In base 14, what is 1 + 48?
49
In base 16, what is 4 - -c2?
c6
In base 15, what is -4 - -51?
4c
In base 2, what is -10 - -11101?
11011
In base 2, what is 100000 + 1001?
101001
In base 6, what is -2 + -5201?
-5203
In base 11, what is -12 + 822?
810
In base 3, what is 20120 - -12?
20202
In base 5, what is 423 - 2?
421
In base 4, what is 3 - -1012?
1021
In base 12, what is -128 - 4?
-130
In base 4, what is 13 + 1121?
1200
In base 13, what is 0 + 360?
360
In base 9, what is -21870 - 3?
-21873
In base 11, what is 5 + 202?
207
In base 12, what is -294 + -2?
-296
In base 14, what is -6 + -25?
-2b
In base 3, what is 211 + -10022?
-2111
In base 13, what is -6 + -5c?
-65
In base 10, what is 1462 - 1?
1461
In base 16, what is -b6 - -2?
-b4
In base 10, what is -17 + 841?
824
In base 14, what is -5a + -b?
-67
In base 11, what is -3 + -13?
-16
In base 6, what is 114 - -14?
132
In base 11, what is -3103 - 2?
-3105
In base 14, what is -63 - -42?
-21
In base 14, what is 174 + -5?
16d
In base 4, what is 3 + 133?
202
In base 13, what is 9 + -156?
-14a
In base 11, what is -1 - 1711?
-1712
In base 5, what is 4 - 133?
-124
In base 2, what is 1001101 + 0?
1001101
In base 4, what is -3 + 3?
0
In base 11, what is 2 + 20?
22
In base 9, what is 0 - -245?
245
In base 3, what is 100 + 12111?
12211
In base 3, what is -12 + 100021?
100002
In base 5, what is 200 - 402?
-202
In base 8, what is -363 - -2?
-361
In base 16, what is -3f - 5?
-44
In base 14, what is 5 + c22?
c27
In base 12, what is 8 - -2?
a
In base 9, what is -5 - -53?
47
In base 10, what is -3 - -309?
306
In base 14, what is 9a0 - 2?
99c
In base 8, what is 14 + 15?
31
In base 9, what is 145 + -1?
144
In base 15, what is -87 - 6?
-8d
In base 10, what is -34 - -3?
-31
In base 11, what is 11 - 251?
-240
In base 13, what is 8 + 18?
23
In base 9, what is 4 + -133?
-128
In base 7, what is 103 - -26?
132
In base 10, what is -51 - -2?
-49
In base 6, what is -154 + -2213?
-2411
In base 11, what is 9 - a6?
-98
In base 10, what is -254 + -1?
-255
In base 4, what is -1210 - 3?
-1213
In base 6, what is 43 - 322?
-235
In base 4, what is 2001 + -3?
1332
In base 12, what is 1 + 14b?
150
In base 6, what is 125 + 5?
134
In base 4, what is 22022 + -1?
22021
In base 16, what is -526 + 3?
-523
In base 4, what is 2 - -22231?
22233
In base 14, what is 66c - 1?
66b
In base 3, what is 10 - -2211?
2221
In base 13, what is -66 - -29?
-3a
In base 13, what is 5 - 21?
-19
In base 4, what is 11210 - -10?
11220
In base 15, what is -c31 + 2?
-c2e
In base 7, what is 306 + 4?
313
In base 4, what is 21 - -120?
201
In base 13, what is 12a - 3?
127
In base 15, what is -1425 - 3?
-1428
In base 11, what is 4 - -175?
179
In base 12, what is 2 - 38?
-36
In base 6, what is -3 - -12?
5
In base 10, what is 259 + 1?
260
In base 11, what is -466 - 2?
-468
In base 3, what is -1212 - 12?
-2001
In base 5, what is 10414 + 1?
10420
In base 5, what is 313 + -3?
310
In base 10, what is -42 - -5?
-37
In base 13, what is -10a - 9?
-116
In base 13, what is 4 - -4a1?
4a5
In base 13, what is 3 + 223?
226
In base 13, what is 82 - -3a?
bc
In base 7, what is 4 + -4464?
-4460
In base 2, what is 10 + 11011110010?
11011110100
In base 3, what is -121 - -201222?
201101
In base 16, what is -73 + 13?
-60
In base 12, what is -76 + -13?
-89
In base 14, what is 4 - -163?
167
In base 14, what is -14 + 3ca?
3b6
In base 11, what is 1 - 2821?
-2820
In base 6, what is 0 - -13005?
13005
In base 5, what is 2131 + 0?
2131
In base 13, what is 5 + 2a9?
2b1
In base 11, what is 6 + -a?
-4
In base 15, what is -c + 12e?
122
In base 10, what is -959 - 1?
-960
In base 15, what is -14e - -1?
-14d
In base 6, what is -1033 - -3?
-1030
In base 13, what is -4 + -11?
-15
In base 9, what is 2026 + 2?
2028
In base 16, what is -34 - c?
-40
In base 9, what is 15375 - 5?
15370
In base 12, what is -4 - 497?
-49b
In base 15, what is 1 - -7e?
80
In base 15, what is -2 + 7e0?
7dd
In base 5, what is 141 + -103?
33
In base 4, what is 2 + 3?
11
In base 3, what is 1012 - 100001?
-21212
In base 11, what is -3 + 72?
6a
In base 13, what is -7 - 12?
-19
In base 13, what is a2 + 1?
a3
In base 14, what is 14 - 0?
14
In base 4, what is 11 - 1203?
-1132
In base 13, what is 8 - 18?
-10
In base 12, what is 4 - 33?
-2b
In base 5, what is -10040 - -2?
-10033
In base 10, what is -8 - 117?
-125
In base 6, what is -14 + -55?
-113
In base 15, what is 2e + d?
3c
In base 5, what is -2 + -3?
-10
In base 3, what is 11 + 20012?
20100
In base 13, what is -31 + -12?
-43
In base 6, what is -23 + 4?
-15
In base 3, what is -11 - 211?
-222
In base 5, what is -4340 - 10?
-4400
In base 15, what is 21c + -8?
214
In base 7, what is -630 + 6?
-621
In base 7, what is 52345 + -2?
52343
In base 9, what is -1 + -430?
-431
In base 2, what is 110011100 - -101?
110100001
In base 11, what is -257 - 0?
-257
In base 9, what is 3 - 4455?
-4452
In base 7, what is 1433 + -5?
1425
In base 14, what is -11 - 2d?
-40
In base 2, what is 100101100 - 110?
100100110
In base 2, what is -10010001001100 + 0?
-10010001001100
In base 13, what is -34 + 0?
-34
In base 15, what is 5 + -6a?
-65
In base 12, what is -11 + 71?
60
In base 14, what is -5 - 56?
-5b
In base 9, what is 0 - 40?
-40
In base 2, what is 1001 - -110?
1111
In base 8, what is -4 + 12405?
12401
In base 8, what is -335 - -5?
-330
In base 3, what is 121 + 2020?
2211
In base 2, what is -1001100 + -11100?
-1101000
In base 12, w